mposite number?
False
Suppose -3*h - 3*s + 16138 = -18614, 5*h + 3*s - 57910 = 0. Is h prime?
True
Suppose -12*v = -36244 - 178052. Is v a composite number?
True
Suppose 0 = -4*f - f + 90. Let a = 20 - f. Is (-3)/a - 54/(-12) a composite number?
False
Suppose -2*o + 12571 = -12075. Is o composite?
False
Suppose -2*y = y - 2226. Suppose s - 20 = -3*b, 3*b = 7*b - 20. Suppose -2*v = 3*d - 950, -836 - y = -s*d - 2*v. Is d a composite number?
True
Let l(s) = -3*s**3 - 2*s**2 + 4*s - 5. Let w = -151 - -147. Is l(w) composite?
False
Let k(o) = -18*o**3 - 2*o**2 + o - 3. Let x(f) = f**3 + f**2 + f + 1. Let j(p) = k(p) + 4*x(p). Is j(-3) composite?
True
Is 91/26*5/((-105)/(-33342)) prime?
True
Let m(q) = 2*q + 14. Let k be m(-7). Suppose k*h + h = 89. Is h a prime number?
True
Suppose -162*h + 158*h + 460 = 0. Is h prime?
False
Is 1391564/44 - 19/((-836)/24) a composite number?
False
Is (4 - (2 + 3))*-12379 composite?
False
Suppose -4*i + 3*l + 88 = -81, 0 = -4*i - 4*l + 204. Let d be (-1 - -3)*81/(-6). Let o = i + d. Is o a prime number?
True
Let v = -2379 + 1660. Let u be ((-642)/12)/(25/8 + -3). Let g = u - v. Is g a prime number?
False
Let c(k) = k**2 + 8*k + 8. Let j be c(-7). Let f be j/(-6) - (-26)/12. Suppose m - 2*h + 0*h = 211, 0 = -f*h - 6. Is m prime?
False
Let d = 26 + -21. Suppose -3*a - 4*x = -2*a - 77, -d*x + 75 = a. Is a prime?
False
Is 1/(-16) - (-7386177)/272 a prime number?
False
Let i(x) = x**2 + 6*x + 12. Let q be i(-5). Suppose 2*c - 2277 = -q*c. Let l = c + -140. Is l a prime number?
True
Suppose x - 29789 = -4*n, 32*n = 4*x + 31*n - 119156. Is x a composite number?
False
Let r be (0/(-1))/(1 - 4). Suppose -4*d + 8 - 4 = r. Let u(l) = 37*l + 1. Is u(d) prime?
False
Let i be (6 + -3)*122/(-3). Let w be (i/(-4))/(10/(-40)). Let j = w + 607. Is j prime?
False
Suppose 26*b - 171285 = 102677. Is b a prime number?
False
Let h = -2430 - -3889. Is h prime?
True
Let r(u) be the second derivative of -u**6/90 + 17*u**5/120 - u**4/4 + 3*u. Let v(c) be the third derivative of r(c). Is v(-13) composite?
True
Let j(o) = -2*o**3 - 12*o**2 - 6*o - 8. Let b be j(-9). Let f = 837 - b. Is f composite?
True
Let q(g) = 5*g**2 + g + 4. Let o be q(-4). Let z = o - -407. Suppose z = 5*y + 77. Is y a composite number?
True
Suppose 13*d - 3786 = 1973. Is d composite?
False
Let z(h) = 13*h**3 - h**2 + 6*h + 41. Is z(12) prime?
True
Let j = 27 + -36. Is (1 - j)/(8/892) prime?
False
Suppose -211 - 42 = -b. Let z = b + 54. Is z a composite number?
False
Let g(p) be the first derivative of -7*p**2 - 1. Let m be g(-2). Let z = 6 + m. Is z a composite number?
True
Let z be 286/6 + (-6)/9. Suppose 41 = 4*p + k, -5*p + z = -4*k + 1. Is p composite?
True
Suppose -2*z - 490 = -80. Let m = z + 1292. Is m composite?
False
Let z(y) = -3*y - 46. Let g be z(-16). Is -3 + (g - 266/(-1)) prime?
False
Let b be ((-2)/5)/(5/25). Let z be b/7 + (-23)/(-7). Suppose 150 = z*m - 207. Is m a composite number?
True
Is 31114 - 3/6*-14 prime?
True
Let q be (-3)/12 + 14052/16. Suppose 0 = -2*l + 4*o + q, -3*l + 1058 + 294 = o. Is l a prime number?
True
Suppose v - 4*w - 2448 = -0*w, -5*w + 4922 = 2*v. Is (v/24)/((-1)/(-3)) a prime number?
True
Suppose -9*r + 408371 = 161600. Is r prime?
False
Suppose 3*h - 3*t = 60, 0 = -5*h - t + 2*t + 88. Suppose 5 = k + h. Is 965/6 + (-2)/k prime?
False
Suppose -9*a + 932 = -5*a. Is a a prime number?
True
Suppose -2*z + 5*o = -13583, -4*o = -2*z + 3*z - 6759. Is z a composite number?
False
Suppose 4*k - k = 6, 5*t - 21 = -3*k. Suppose 0 = -2*n - 2*h + 634, -5*n = -2*h + t*h - 1585. Is n a composite number?
False
Let s be (10/(-1))/(5 - 4). Let v be 2/1*(3268 + s). Let z = -4367 + v. Is z a prime number?
False
Suppose -7*h + 20 = -2*z - 4*h, 3*z = -4*h - 30. Let a(g) = -96*g + 7. Is a(z) a prime number?
True
Let m = 29254 - 3087. Is m a composite number?
True
Let n(t) = 655*t**3 - 905 + 901 + 2*t**2 + 5*t - 3*t**2. Is n(1) a prime number?
False
Let v(a) = 61*a**2 - 41*a + 125. Is v(14) a prime number?
False
Let u(n) be the second derivative of 6*n + 3/4*n**4 + 5/2*n**2 - n**3 + 0. Is u(6) composite?
False
Let t be (-2)/10 - 42/(-10). Suppose -t*f = -5*j + f + 2570, -2*j - 3*f = -1038. Suppose 4*y - 255 = -p, -3*p + 5*p = -5*y + j. Is p composite?
False
Let h(n) = -13*n**3 + 6*n**2 + 2*n + 1. Let a be h(4). Let c = a + 1164. Is c a prime number?
False
Let a(b) = b**3 - 3*b**2 - 4*b. Let f = -17 - -21. Let m be a(f). Suppose -2*l + 881 = 5*j + 100, -j + l + 152 = m. Is j a prime number?
False
Let u(v) = 6*v**2 + v - 6. Is u(19) a composite number?
False
Suppose -5*x - 2*u - 2*u = -17, 0 = -x - 3*u - 1. Let y = 7 - x. Suppose r = -3*q - y*q + 108, -q + 254 = 3*r. Is r prime?
True
Let m be ((-41913)/36)/(3/(-72)). Suppose -m = -4*c - 2*c. Is c composite?
False
Suppose -4*f + 2*m = -2, 3*f = m - 3 + 4. Suppose f = -3*p - 0*p - 822. Let k = p + 393. Is k composite?
True
Suppose -48*c + 49180 = -38*c. Is c a composite number?
True
Suppose -3*x = -209 - 136. Is x composite?
True
Suppose 5*q = -d - 3*d + 25, -5*d = 4*q - 20. Suppose k - y + 136 = 5*k, 2*k - 4*y - 50 = d. Is k composite?
True
Suppose -8 + 4 = 2*m. Suppose 5*i - 129 = -24. Is (-1 - 2)*(m - i) composite?
True
Suppose 6*x - x + 4*s - 15 = 0, 5*x - 50 = 3*s. Suppose x*l = 5*l + 7430. Is l a prime number?
False
Let y = 6 - 3. Suppose 0 = -m + 6*m - 875. Suppose -8*d + y*d = -m. Is d prime?
False
Let g(j) = 3*j**2 - j + 1. Is g(17) composite?
True
Suppose 0 = 2*b - j - 16, 0*b + 3*j = -3*b + 24. Suppose 149 - 5 = -b*t. Let f = t + 32. Is f a prime number?
False
Suppose 365*y = 381*y - 63088. Is y a prime number?
True
Let x(o) = -o - 8. Let k be x(3). Let a(j) = -j**2 - 10*j + 14. Let p be a(k). Is (-1751 - -2)*(-1)/p prime?
False
Suppose 0 = -2*s - u + 2, -u = 4*u + 10. Suppose 4*z - s = 6. Suppose -2*p + p + 60 = c, 0 = -3*c - z*p + 175. Is c prime?
False
Suppose -5*p = 3 + 32. Let u(b) be the first derivative of -21*b**2/2 - 8*b - 2. Is u(p) a composite number?
False
Suppose -7 = -d - 0*d. Suppose 0 = 3*k - d*k + 300. Suppose -n - 5*x + k = 0, n + 0*n = -3*x + 79. Is n a prime number?
False
Let c be ((-10)/(-6))/(5/(-45)). Let k be c/(-12) - 5/20. Suppose 23 = 2*i + k. Is i prime?
True
Let b be (1560/(-70))/((-1)/98). Suppose -w + 561 = -4*i, -4*w - 5*i = -i - b. Suppose 3*y - w - 108 = 0. Is y prime?
False
Let i = -6265 + 9978. Is i prime?
False
Let m be (-100)/14 - 15/(-105). Is m/((-56)/12)*1096/6 composite?
True
Suppose 0*t = 17*t - 9*t. Suppose -3*m + k + 9596 = t, 5*k + 3197 = m + 3*k. Is m a prime number?
False
Suppose 5*r = 5*h + 1182 + 20603, 2*h - 8718 = -2*r. Is r prime?
False
Let x(r) = -50*r**2 - 2*r + 47. Let s(y) = -50*y**2 - 3*y + 49. Let d(b) = 2*s(b) - 3*x(b). Is d(-6) a composite number?
True
Suppose -8*o = -5*o. Suppose 3*x - 5*s - 766 = o, -3*s + 1 = -11. Is x a composite number?
True
Let r(b) = -281*b**3 - 20*b**2 + 40*b + 45. Let v(i) = 56*i**3 + 4*i**2 - 8*i - 9. Let x(u) = -2*r(u) - 11*v(u). Is x(-4) a prime number?
False
Let q = 47 - 73. Let m = q + 30. Is m/(-3)*558/(-24) a composite number?
False
Let h(l) = l**2 + 17*l + 21. Let q = -9 - 7. Let k be h(q). Suppose k*o - 940 = o. Is o a prime number?
False
Suppose -5*a + 25 = 4*r + r, -2*a = 5*r - 25. Is 290 + ((-1)/(-4) + a)*12 prime?
True
Suppose 0 = 347*y - 344*y - 21003. Is y a prime number?
True
Let h = 2496 + -1189. Suppose -g + b + 1799 = 512, 0 = -g - 4*b + h. Is g prime?
True
Suppose 5*k - 21 = 14. Is 771 + k/(14/(-4)) prime?
True
Suppose 4*w - 2734 = -2*l, 2*l = -5*w - 3*l + 3430. Let y = w - -140. Is y prime?
True
Suppose 88728 = -689*j + 697*j. Is j prime?
False
Let r be 4/(-14) - 92/(-28). Suppose 0*p = -3*p - 2*i + 238, 4*p + i = 309. Suppose r*d + 4*k - 145 - p = 0, 0 = -k + 5. Is d a composite number?
False
Suppose -3*b - 6*u + u = -1, -4*u + 2 = 3*b. Suppose 2*a - 573 = -5*d, 0 = -b*a - 3*a - 3*d + 1442. Is a prime?
False
Let w = -13 - -15. Suppose w*g + 4*l = g + 25, 0 = -3*g - l + 97. Is g prime?
False
Is 10238 + -2 + (-2 - -5) a prime number?
False
Let w(p) = -37*p - 20. Suppose 4*u + 7*c = 3*c - 68, 0 = 4*u + c + 74. Is w(u) composite?
False
Suppose 40560 = 7*g - g. Suppose o + g = 5*x + 5*o, 3*x - 5*o - 4093 = 0. Suppose x = 5*y + 541. Is y composite?
False
Let w(v) = 8839*v - 21. Is w(2) a pr